2*a**2 - 1677*a - 1508. Give w(-47).
-4
Let i(m) = 228*m - 23021. Calculate i(101).
7
Let s(y) = -y**3 + 19*y**2 - 82*y - 60. Calculate s(11).
6
Let g(v) = 167*v - 4665. What is g(28)?
11
Let a(o) = o**3 + 7*o**2 - 170*o - 735. Determine a(-4).
-7
Let q(x) = -x**3 + 20*x**2 - 33*x - 72. Determine q(18).
-18
Let y(c) = 2*c**3 + 35*c**2 - 5*c - 16. Calculate y(-18).
-250
Let h(t) = t**2 + 134*t + 4154. Determine h(-48).
26
Let v(w) = 58*w**2 - 587*w + 76. Determine v(10).
6
Let y(q) = 29*q**2 - 2*q - 10. What is y(-4)?
462
Let q(w) = w**2 - 28*w + 86. Determine q(3).
11
Let y(w) = -78*w - 4433. Calculate y(-56).
-65
Let b(f) = -7*f**3 - 142*f**2 - 28*f - 23. Determine b(-20).
-263
Let b(v) = 357*v - 1140. What is b(3)?
-69
Let f(w) = 145*w - 800. Determine f(6).
70
Let p(a) = -a**2 - 20*a + 232. Calculate p(-25).
107
Let q(n) = 14*n + 431. Determine q(-31).
-3
Let w(s) = -72*s + 730. Calculate w(10).
10
Let h(z) = -4*z - 16. What is h(3)?
-28
Let j(s) = 4936*s - 44446. What is j(9)?
-22
Let c(i) = i**3 + 23*i**2 + 3*i - 165. Calculate c(-23).
-234
Let r(z) = 17*z**3 - 3*z**2 - 16*z + 2. What is r(-2)?
-114
Let t(q) = q**2 - 140*q - 298. What is t(142)?
-14
Let v(d) = -3*d**3 + 30*d**2 - 20*d - 22. Determine v(9).
41
Let i(a) = a**3 + 21*a**2 + 75*a - 24. Give i(-5).
1
Let y(m) = 191*m + 3702. Determine y(-19).
73
Let s(z) = -2*z**2 + 6*z + 1. Give s(12).
-215
Let d(t) = 38*t - 547. Give d(14).
-15
Let w(m) = m**2 + 49*m + 345. Calculate w(-40).
-15
Let s(k) = -289*k - 13642. Determine s(-47).
-59
Let o(d) = d**2 - 86*d + 260. Determine o(3).
11
Let z(c) = -158*c + 1183. Calculate z(7).
77
Let n(z) = z**3 + 50*z**2 - 2401*z - 106. Give n(-80).
-26
Let q(m) = 10*m**2 - 6*m - 5. Calculate q(-1).
11
Let f(w) = w**3 - 61*w**2 + 17*w - 1010. What is f(61)?
27
Let m(h) = 2*h**3 - 9*h**2 + 7*h - 57. Determine m(5).
3
Let s(a) = -12117*a - 218108. Give s(-18).
-2
Let w(u) = -1612*u - 3247. What is w(-2)?
-23
Let g(v) = 18*v**2 - 38*v - 5. Give g(5).
255
Let u(g) = -2*g**2 - 28*g + 119. Give u(-17).
17
Let j(z) = -z**3 + 3*z**2 + 5*z + 16. Determine j(4).
20
Let i(d) = -d**3 - 30*d**2 - 127*d - 593. Determine i(-26).
5
Let m(w) = -4*w**2 - 24*w + 92. Calculate m(-8).
28
Let q(p) = 2*p**3 - 9*p**2 + 324*p - 953. Give q(3).
-8
Let x(r) = 62*r + 616. What is x(-10)?
-4
Let h(i) = 144*i - 522. What is h(7)?
486
Let d(u) = -54*u - 7566. Give d(-140).
-6
Let p(v) = v**3 - 8*v**2 - 62*v + 38. Calculate p(12).
-130
Let a(k) = -k**3 + 27*k**2 - 140*k + 38. Calculate a(20).
38
Let m(f) = -f**2 + 4334*f + 52154. Calculate m(-12).
2
Let b(k) = -6*k - 34. Calculate b(-5).
-4
Let n(c) = 10*c**2 + 148*c - 24. Give n(-15).
6
Let x(t) = 3*t**3 - 7*t**2 + 4*t - 16. Calculate x(6).
404
Let c(s) = s**2 + 18*s - 119. Determine c(-22).
-31
Let r(y) = y**2 - 56*y + 763. Calculate r(25).
-12
Let f(c) = 82*c + 2123. Give f(-26).
-9
Let a(l) = 38*l - 1222. Calculate a(32).
-6
Let t(s) = -1968*s + 68879. Give t(35).
-1
Let y(s) = s**3 + 6*s**2 - s - 28. Calculate y(-5).
2
Let z(x) = -x**2 + 1852*x - 12918. Determine z(7).
-3
Let d(z) = z**3 + 53*z**2 - 293*z - 175. What is d(-58)?
-1
Let j(y) = -y**3 - 17*y**2 + 39*y - 91. What is j(-19)?
-110
Let l(v) = v**3 - 15*v**2 - 18*v + 6. Calculate l(16).
-26
Let n(r) = r**3 + 24*r**2 + 184*r + 3706. What is n(-23)?
3
Let b(g) = 32*g**3 + 9*g**2 - 12*g + 4. Give b(1).
33
Let n(p) = 27*p**2 - 1216*p + 41. What is n(45)?
-4
Let h(o) = -38*o + 504. Give h(18).
-180
Let g(j) = 429*j - 1043. Give g(2).
-185
Let g(f) = -3*f**3 + 127*f**2 - 27*f - 581. What is g(42)?
49
Let b(t) = 90*t - 638. Calculate b(7).
-8
Let o(s) = -s**3 - 147*s**2 - 13*s - 1908. Give o(-147).
3
Let c(m) = -3*m**2 - 42*m + 284. Give c(6).
-76
Let x(z) = -5*z - 12. Calculate x(-2).
-2
Let f(h) = 18*h**2 - 24*h - 9. Give f(5).
321
Let q(h) = -h**3 + 78*h**2 - 677*h - 110. Determine q(68).
94
Let s(m) = m**3 + 20*m**2 - 22*m + 391. Calculate s(-22).
-93
Let s(b) = -22*b + 905. Give s(41).
3
Let g(z) = -38*z - 3655. Give g(-97).
31
Let s(f) = -f**2 - 19*f - 22. What is s(-9)?
68
Let z(w) = w**3 + 39*w**2 - 39*w - 35. Calculate z(-40).
-75
Let m(o) = -2*o**3 - 34*o**2 + 121*o + 11. What is m(-20)?
-9
Let v(d) = -5*d**2 + 107*d - 3. Give v(21).
39
Let w(d) = -11*d**2 - 20*d + 152. Give w(6).
-364
Let a(y) = y**3 - 53*y**2 - 15562*y - 809. Determine a(-101).
-1
Let f(t) = -5*t**2 + t + 7. Determine f(3).
-35
Let q(m) = -50*m**2 + 11*m - 6. What is q(1)?
-45
Let i(t) = 969*t + 4871. What is i(-5)?
26
Let x(q) = q**3 + 17*q**2 + 48*q + 43. What is x(-10)?
263
Let r(s) = 239*s + 5010. Calculate r(-21).
-9
Let l(i) = -8*i**2 + 329*i - 73. What is l(41)?
-32
Let i(m) = -2*m**3 + 49*m**2 - 67*m - 24. Give i(23).
22
Let i(m) = -3*m**2 + 797*m - 21825. Give i(31).
-1
Let d(v) = 42*v - 760. Determine d(6).
-508
Let g(m) = -m**3 - 33*m**2 + 6*m + 206. Determine g(-33).
8
Let u(k) = k**2 + 18*k - 69. What is u(-18)?
-69
Let h(d) = 3*d**3 - d**2 - 46*d + 10. Determine h(4).
2
Let c(p) = -p**3 - 35*p**2 - p - 7. Calculate c(0).
-7
Let w(p) = -24*p**2 - 24*p + 1. Give w(-1).
1
Let c(r) = -246*r - 5463. Determine c(-22).
-51
Let t(c) = 10*c**2 + 973*c + 117. Give t(-96).
-1131
Let s(b) = -b**3 + 14*b**2 + 35*b + 33. Determine s(12).
741
Let x(a) = -a**3 - 234*a**2 - 9*a - 6. What is x(0)?
-6
Let a(f) = f**3 + 3*f**2 + 11*f + 5. Determine a(-3).
-28
Let z(l) = -1114*l + 8953. Calculate z(8).
41
Let i(r) = -56*r + 1249. What is i(22)?
17
Let z(o) = -77*o - 689. Give z(-7).
-150
Let w(a) = 162*a - 37. Give w(3).
449
Let q(v) = v**2 - 25*v - 85. Determine q(-5).
65
Let n(g) = -g**3 + 19*g**2 + 8*g - 14. Give n(20).
-254
Let z(l) = -11*l + 90. What is z(9)?
-9
Let x(u) = u**2 + 117*u - 1136. What is x(9)?
-2
Let s(k) = -76*k + 42. What is s(0)?
42
Let c(y) = 9*y**3 - 37*y**2 + 7*y - 10. Give c(4).
2
Let s(z) = 2*z**3 - 68*z**2 - 73*z + 125. Give s(35).
20
Let x(z) = z**3 + 15*z**2 - 47*z - 20. Determine x(-17).
201
Let y(a) = -9*a + 501. Determine y(56).
-3
Let p(y) = -9*y**2 + 192*y - 47. Give p(21).
16
Let v(a) = -209*a - 6478. Determine v(-31).
1
Let m(s) = -2*s**3 + 13*s**2 + 28*s - 142. Give m(8).
-110
Let n(p) = -6*p**2 + 35*p - 2. Give n(6).
-8
Let y(i) = 4*i - 51. Give y(7).
-23
Let y(t) = -176*t - 947. Calculate y(-7).
285
Let s(j) = 169*j**2 - 4225*j - 1. Determine s(25).
-1
Let y(r) = -2*r**3 + r**2 + 116*r - 366. What is y(3)?
-63
Let n(i) = -i**3 - 9*i**2 + 86*i + 174. Determine n(7).
-8
Let t(l) = -l**3 - l**2 + 6*l + 8. Calculate t(-3).
8
Let q(b) = 12*b + 165. Determine q(5).
225
Let w(h) = 2*h**2 + 177*h - 2157. Determine w(-100).
143
Let q(j) = 4*j**3 - 87*j**2 - 26*j + 90. Determine q(22).
2
Let i(b) = -22*b - 368. Give i(-17).
6
Let y(j) = 11*j - 86. Determine y(6).
-20
Let z(w) = w**2 - 60*w + 248. What is z(5)?
-27
Let w(v) = -v**2 + 41*v + 38. Give w(41).
38
Let t(y) = -34*y + 1135. Give t(31).
81
Let u(d) = -85*d + 1089. Calculate u(13).
-16
Let j(z) = -z**2 - 54*z - 282. Determine j(-6).
6
Let j(m) = m**3 - 12*m**2 + 30*m - 7. Give j(5).
-32
Let a(k) = -112*k**2 + 68*k + 138. What is a(-2)?
-446
Let y(x) = -x**3 - 11*x**2 - 7*x. Calculate y(-5).
-115
Let m(b) = 2*b**2 - 968*b - 4869. Calculate m(-5).
21
Let u(x) = 62*x**3 + x - 1. Calculate u(-1).
-64
Let k(o) = 74*o - 5030. Calculate k(68).
2
Let k(j) = -227*j + 2509. Calculate k(11).
12
Let z(i) = -6*i**2 - 775*i - 1657. Determine z(-127).
-6
Let g(x) = -x**3 + 15*x**2 - 27*x. Determine g(11).
187
Let g(i) = 2*i**3 + 13*i**2 - 37*i - 103. Determine g(-8).
1
Let x(c) = 128*c + 2553. Determine x(-20).
-7
Let t(w) = -18*w + 50. Give t(2).
14
Let j(u) = -66*u + 35. Give j(-3).
233
Let s(d) = 1769*d**2 - 38917*d - 24. Give s(22).
-2
Let u(w) = w**2 - 16*w + 3. Determine u(14).
-25
Let s(a) = a**3 + a**2 - 72*a + 17. Determine s(-9).
17
Let a(o) = 19*o**2 - 174*o - 690. Determine a(-4).
310
Let c(h) = -h**2 - 224*h - 11593. Determine c(-143).
-10
Let o(z) = -2*z**2 + 342. Give o(-13).
4
Let d(h) = 4*h**2 + 52*h + 13. Give d(-14).
69
Let h(j) = 4*j**2 - 16*j - 132. Give h(-6).
108
Let o(q) = 6*q**2 + 19*q - 17. Give o(-5).
38
Let i(r) = -r**2 - 148*r + 11940. Determine i(58).
-8
Let v(b) = b**3 + 5*b**2 + b + 48. Calculate v(-11).
-689
Let h(d) = -3*d**2 - d - 109. Calculate h(0).
-109
Let k(a) = 98*a**2 + 21. What is k(0)?
